 i = 19 - 3. What are the prime factors of i?
2
Let a(y) = -y**2 + 37*y + 55. What are the prime factors of a(34)?
157
Suppose 63 = -n + 4*n. List the prime factors of 6/n - 40/(-7).
2, 3
Let t(d) = 256*d**3 + 2*d**2 + d - 2. List the prime factors of t(1).
257
Let b = 2 - 5. Suppose 4*q + q = 30. Let n = b + q. List the prime factors of n.
3
Let r(a) = a - 2. Let x be r(0). Let t be -1 + x + 2 + 6. Suppose -t*k = -20 - 5. List the prime factors of k.
5
Let y = -977 - -647. What are the prime factors of (-3)/(-7) + y/(-14)?
2, 3
Let k = -301 - -539. What are the prime factors of k?
2, 7, 17
Let i = 23 + -13. Let p(b) = -b**2 + 10*b + 14. What are the prime factors of p(i)?
2, 7
List the prime factors of 0 + 0 - (0 + -167).
167
Let g(l) = -2*l + 3. List the prime factors of g(-4).
11
Let b = 59 + -25. Let j = 16 - b. What are the prime factors of 84/j*(-6)/4?
7
Let t(y) = -y**3 - y**2 - 4*y - 12. What are the prime factors of t(-5)?
2, 3
Let z = 0 - 0. Suppose 2*v + z*v = 6. List the prime factors of (2/v)/(2/27).
3
Suppose 0 = 3*a - 5*n - 19 + 5, a + 5*n = -2. Suppose -5*q = -2*p - 0*q - 1, a*p - 46 = -2*q. What are the prime factors of p?
2, 3
Let q = 6 - 3. Suppose q*h - 34 - 65 = 0. List the prime factors of h.
3, 11
Let x(f) = -2*f**2 - 24*f + 2. List the prime factors of x(-10).
2, 3, 7
Let x(n) = 13*n**3 - 2*n**2 + 2*n - 1. List the prime factors of x(2).
3, 11
Let f be (-18)/(-4) + (-4)/(-8). Let h = -6 + f. Let x(a) = -6*a + 1. What are the prime factors of x(h)?
7
Let i(w) = 35*w + 28. Let u(f) = -4*f - 3. Let l(n) = 3*i(n) + 28*u(n). What are the prime factors of l(-2)?
2, 7
Suppose 80 = 4*g - 2*p, -g = -2*g + 4*p + 34. What are the prime factors of g?
2, 3
Let r(j) = j**3 - 8*j**2 - 2*j + 2. What are the prime factors of r(9)?
5, 13
Let q(y) = 2*y - 12. Let v be q(9). Let z(m) = m**2 - 5*m - 4. List the prime factors of z(v).
2
Suppose 960 = 12*b - 8*b. What are the prime factors of b?
2, 3, 5
Let z(f) = f**3 - 9*f**2 + 9*f + 9. Let h(l) be the third derivative of -l**4/24 + l**3/6 - l**2. Let y(q) = 2*h(q) + z(q). What are the prime factors of y(8)?
3
Let v(k) = 3*k**2 - 1. Let w be v(-1). Suppose w*m + 5*i - 1 = 0, 2*m + 0*m = 3*i + 25. List the prime factors of m.
2
Let l(v) = -3*v - 2. What are the prime factors of l(-12)?
2, 17
Suppose 3*x + 5*h = 4*x - 53, -3*x = 2*h - 108. List the prime factors of x.
2, 19
Let i(n) = n**3 + 6*n**2 + n + 8. Let t be i(-6). Let g = t + 17. What are the prime factors of g?
19
Let l(s) = -s**2 - 8*s - 3. Let y be l(-6). Suppose v = 1 + y. Let d = v - -2. What are the prime factors of d?
2, 3
Let y = 239 + -100. List the prime factors of y.
139
Let w be 56/9 - (-6)/(-27). Suppose -2*l = l - w. Suppose k + 0*c = -l*c + 14, -18 = -2*k + c. List the prime factors of k.
2, 5
Let b(g) = -g**3 - 3*g**2 + 4*g + 5. Suppose j - 4*q - 3 - 1 = 0, -2*j + 2*q = 4. Let o be b(j). Let n = o - 3. What are the prime factors of n?
2
Suppose 0 = 3*i + 4*o - 29, -3*i + 4*o + 91 = 2*i. Let l(h) = h**3 - 4*h**2 + 5*h - 3. Let n be l(3). Let t = i + n. List the prime factors of t.
2, 3
Let a = -175 + 248. Let k = 123 - a. Suppose 3*q + 5*o = k, 3*q - 4*o = q + 4. What are the prime factors of q?
2, 5
Let z = 13 + -3. Suppose -o - 5 = 4*s, -2*s = o - 3*s - z. List the prime factors of o.
7
Let t = 46 - 23. List the prime factors of t.
23
List the prime factors of 3/(1 - 1472/1484).
7, 53
Let q be (-726)/(-18) - 1/3. Suppose q = 2*t - 4. List the prime factors of t.
2, 11
Let t(q) be the second derivative of -q**5/20 - q**4/12 - q**3/3 + q**2/2 + 9*q. List the prime factors of t(-2).
3
Let p be 74/(0 + -2) + 2. Let l = 49 + p. What are the prime factors of l?
2, 7
Suppose -3*d - 55 = 5*t, 0*d - 3*d = 2*t + 22. Let w = t - -7. List the prime factors of 0*2/w + 17.
17
Let t be (2 + 0)/((-4)/(-44)). Let i = t + -11. List the prime factors of i.
11
Suppose -15 = -5*x, -4*o = -2*x + 4*x + 2. What are the prime factors of (4/o)/(2/(-9))?
3
Let q(d) = d**3 + 5*d**2 + 4*d + 3. Let t be q(-4). Suppose -2*x - t*x - 5*i + 105 = 0, 100 = 5*x + 4*i. What are the prime factors of x?
2
Let c be (-30)/10*1/(-3). Let o = c - -1. List the prime factors of o.
2
Suppose 33 - 6 = -3*q. Let w = 12 + q. Suppose -11 = -w*t + 25. What are the prime factors of t?
2, 3
Let g = 73 + -52. List the prime factors of g.
3, 7
Suppose 3*o - 3*g - 37 = 56, o = 2*g + 26. What are the prime factors of o?
2, 3
Suppose 20 = 2*v + 2*v. Suppose -v*z = -3*z - 18. What are the prime factors of z?
3
Let g(q) be the first derivative of q**6/360 + 5*q**4/24 - q**3/3 - 3. Let l(i) be the third derivative of g(i). What are the prime factors of l(0)?
5
Suppose 0 = 3*c + 1 + 5. Let y(r) = -2*r**3 - 2*r**2 - 2*r. Let p be y(c). Let l = -6 + p. List the prime factors of l.
2, 3
Suppose -4*t + 7*t = 762. List the prime factors of t.
2, 127
Let j be -4 + (-30)/(-5 + 2). List the prime factors of 2/j*51 - 3.
2, 7
Suppose m = 6*n - n - 4, 16 = -3*n - 4*m. Let i = n - 0. Suppose 5*u - 43 = 2*h, -2*u - 2*u - h + 24 = i. What are the prime factors of u?
7
Suppose -2*q = -q - 245. List the prime factors of q.
5, 7
Let x(c) = c + 15. List the prime factors of x(7).
2, 11
Let n = -3 - -26. What are the prime factors of n?
23
Let f(w) = -4*w**3 - 1 - 3*w**2 + 0 + 3*w**3 - 2*w. Let x be f(-4). Suppose -15 = 3*z, r = -r + 3*z + x. What are the prime factors of r?
2
Suppose 0 = -3*i + 8*i - 4*u - 28, 0 = -u + 3. What are the prime factors of i?
2
Let q = -71 - -109. What are the prime factors of q?
2, 19
Suppose -4*f + 113 + 131 = 0. List the prime factors of f.
61
Let q(f) = f**3 - 13*f**2 + 12*f + 1. Let z be q(12). List the prime factors of 16/(z/(1/2)).
2
Let r = 70 - -10. List the prime factors of r.
2, 5
Let h = -3 + 5. Suppose -h*n = 4 - 16. Suppose -5*d + n = -4. List the prime factors of d.
2
Let w(g) be the second derivative of g**4/12 + g**3 + 4*g**2 + 2*g. Suppose 2*h + 1 = -11. What are the prime factors of w(h)?
2
Let b(o) be the third derivative of -o**4/4 + o**3/2 - o**2. Let y(z) = 5*z - 4. Let s(c) = -5*b(c) - 4*y(c). What are the prime factors of s(1)?
11
Let i(m) = -11*m - 5. Let x be i(-7). Suppose x = -3*r + 7*r. List the prime factors of r.
2, 3
Let g(s) = 19*s**2 + 2*s - 6. What are the prime factors of g(4)?
2, 3, 17
Let l(t) = t**3 + 2*t**2 - 5*t - 3. Suppose 4*n + 13 = 1. List the prime factors of l(n).
3
Let t(c) = 5*c - 1. Let q be t(-1). Let k(g) be the third derivative of -g**5/60 - 7*g**4/24 - g**3/3 - 10*g**2. What are the prime factors of k(q)?
2
Let u(x) = x**3 + x**2 - 2*x + 8. Let j be u(0). List the prime factors of -5*(-2 + j/(-20)).
2, 3
Suppose -i = -6*i + 2*y - 236, i = 5*y - 38. Let g be 35*(i/(-15) - 2). List the prime factors of (-2)/4 - g/(-4).
2, 5
Let m be ((-2)/3)/((-6)/(-9)). Let b be (-7 + m)*(-3)/3. Let h = b - -3. What are the prime factors of h?
11
Let r = 15 - 20. Let p(j) = j**2 + 1. List the prime factors of p(r).
2, 13
Let p be (-8)/28 - 74/(-14). Suppose 4*g - 11 = 2*n + p, -2*g + 16 = 3*n. Suppose 0 = -2*b - 3*w + 8*w + 25, b + n*w = -1. List the prime factors of b.
5
Let l = 8 - -66. What are the prime factors of l?
2, 37
Let g(w) = 2*w**2 - 5*w + 19. What are the prime factors of g(7)?
2, 41
Let p = -157 + 190. What are the prime factors of p?
3, 11
Suppose 145 = 5*x - 110. What are the prime factors of x?
3, 17
Suppose -d + 21 = 2*d. Suppose d = 4*h - 3*h. What are the prime factors of h?
7
Suppose 2*u - m + 4 = 0, u + 9 = 5*m - 2. Let p be (2/u)/(2/(-15)). Suppose -4*g + g = -p. What are the prime factors of g?
5
Let x = -1 - -1. Let j be 6*(x + -1)/(-3). Suppose 0 = -5*a + 10, -j*k + 4*a + 12 = -0*a. List the prime factors of k.
2, 5
Suppose -2*c + 3 = -c. Suppose 12 + 3 = c*r. Suppose -3*p + 5*n = -36, -p = -r*p + 5*n + 48. What are the prime factors of p?
2, 3
Let b(z) = -2*z**3 - 6*z**2 + 3*z + 4. Let n(k) = -k**3 - 5*k**2 + 2*k + 3. Let l(i) = 2*b(i) - 3*n(i). List the prime factors of l(-2).
19
Let d = -18 - -14. Let x(g) be the third derivative of g**5/60 + g**4/12 - g**3/2 + g**2. List the prime factors of x(d).
5
Suppose -2*r - 4 = -5*q - 15, 3*q - 3 = -2*r. Let a(o) = o**3 + 1. Let v be a(q). List the prime factors of (v - -4)*9/2.
2, 3
Suppose -2*p - 13 = -5*p + 2*b, 0 = -3*b + 3. Suppose p*w + 34 = u + 2*u